tors of 275353.
13, 59, 359
What are the prime factors of 8032951?
1153, 6967
What are the prime factors of 102941?
311, 331
What are the prime factors of 4982992?
2, 7, 44491
What are the prime factors of 2305262?
2, 1152631
List the prime factors of 1864445.
5, 11, 109, 311
List the prime factors of 561877.
367, 1531
List the prime factors of 225973.
11, 20543
What are the prime factors of 2629060?
2, 5, 7, 89, 211
What are the prime factors of 12109727?
7, 1729961
List the prime factors of 507117.
3, 13, 13003
List the prime factors of 76930.
2, 5, 7, 157
List the prime factors of 1664879.
71, 131, 179
List the prime factors of 460680.
2, 3, 5, 11, 349
What are the prime factors of 22660861?
29, 781409
List the prime factors of 28022.
2, 14011
List the prime factors of 3382170.
2, 3, 5, 11, 37, 277
What are the prime factors of 6173281?
53, 269, 433
What are the prime factors of 83807?
43, 1949
What are the prime factors of 456439?
456439
List the prime factors of 20160536.
2, 11, 59, 353
List the prime factors of 29300403.
3, 11, 59, 101, 149
List the prime factors of 422308.
2, 71, 1487
What are the prime factors of 2363953?
59, 103, 389
What are the prime factors of 320326?
2, 160163
List the prime factors of 4824067.
67, 89, 809
List the prime factors of 504204.
2, 3, 42017
What are the prime factors of 108054?
2, 3, 23, 29
What are the prime factors of 35356?
2, 8839
List the prime factors of 1946229.
3, 41, 15823
List the prime factors of 424418.
2, 212209
List the prime factors of 679813.
17, 39989
What are the prime factors of 543562?
2, 463, 587
List the prime factors of 73485.
3, 5, 23, 71
What are the prime factors of 6390072?
2, 3, 13, 6827
List the prime factors of 1892169.
3, 210241
What are the prime factors of 13018848?
2, 3, 135613
List the prime factors of 3137717.
11, 19, 15013
What are the prime factors of 483862?
2, 241931
List the prime factors of 6927218.
2, 3463609
List the prime factors of 6427101.
3, 113, 18959
List the prime factors of 15012828.
2, 3, 417023
List the prime factors of 139745.
5, 19, 1471
List the prime factors of 6120055.
5, 211, 5801
List the prime factors of 17318936.
2, 47, 46061
What are the prime factors of 458145?
3, 5, 10181
What are the prime factors of 573774?
2, 3, 95629
List the prime factors of 8370199.
953, 8783
List the prime factors of 232051.
232051
List the prime factors of 16351235.
5, 3270247
What are the prime factors of 3332639?
157, 21227
What are the prime factors of 153121?
19, 8059
List the prime factors of 1806736.
2, 112921
List the prime factors of 15987890.
2, 5, 1598789
List the prime factors of 676357.
11, 61487
What are the prime factors of 818937?
3, 7, 619
What are the prime factors of 59071?
19, 3109
List the prime factors of 10274134.
2, 13, 395159
What are the prime factors of 120698?
2, 29, 2081
List the prime factors of 3520978.
2, 23, 76543
What are the prime factors of 185922?
2, 3, 11, 313
What are the prime factors of 204932?
2, 7, 13, 563
List the prime factors of 711321.
3, 13, 23, 61
List the prime factors of 19808669.
251, 78919
What are the prime factors of 6224845?
5, 11, 10289
What are the prime factors of 313420?
2, 5, 15671
List the prime factors of 208485.
3, 5, 41, 113
What are the prime factors of 624023?
227, 2749
List the prime factors of 673495.
5, 134699
What are the prime factors of 3554233?
53, 67061
What are the prime factors of 3517406?
2, 769, 2287
What are the prime factors of 526880?
2, 5, 37, 89
What are the prime factors of 1652597?
1652597
List the prime factors of 2317062.
2, 3, 11, 35107
List the prime factors of 1406391.
3, 7, 193, 347
List the prime factors of 3339928.
2, 417491
List the prime factors of 392985.
3, 5, 41, 71
List the prime factors of 25522.
2, 7, 1823
What are the prime factors of 1323124?
2, 11, 30071
What are the prime factors of 37526?
2, 29, 647
List the prime factors of 166656.
2, 3, 7, 31
List the prime factors of 195120.
2, 3, 5, 271
List the prime factors of 134714.
2, 193, 349
List the prime factors of 3745437.
3, 29, 43051
What are the prime factors of 247438?
2, 123719
What are the prime factors of 1104714?
2, 3, 13, 4721
List the prime factors of 946102.
2, 419, 1129
List the prime factors of 28216.
2, 3527
What are the prime factors of 9547198?
2, 4773599
What are the prime factors of 46879?
7, 37, 181
What are the prime factors of 1451138?
2, 13, 55813
List the prime factors of 40798.
2, 20399
List the prime factors of 287046.
2, 3, 37, 431
What are the prime factors of 8019423?
3, 891047
What are the prime factors of 174043?
269, 647
List the prime factors of 200464.
2, 11, 17, 67
List the prime factors of 16827617.
2557, 6581
List the prime factors of 2127710.
2, 5, 13, 1259
List the prime factors of 145622.
2, 17, 4283
What are the prime factors of 18349335?
3, 5, 45307
What are the prime factors of 3307177?
79, 41863
What are the prime factors of 110777?
110777
List the prime factors of 26081047.
26081047
List the prime factors of 837330.
2, 3, 5, 13, 19, 113
List the prime factors of 4443381.
3, 493709
List the prime factors of 853225.
5, 34129
List the prime factors of 775208.
2, 7, 109, 127
What are the prime factors of 238625?
5, 23, 83
List the prime factors of 431305.
5, 7, 12323
List the prime factors of 1011913.
7, 37, 3907
What are the prime factors of 1478176?
2, 7, 6599
List the prime factors of 3873719.
3873719
List the prime factors of 9179059.
353, 26003
List the prime factors of 528402.
2, 3, 7, 23, 547
List the prime factors of 239842.
2, 119921
What are the prime factors of 4649912?
2, 581239
What are the prime factors of 88320?
2, 3, 5, 23
What are the prime factors of 623367?
3, 69263
List the prime factors of 157761.
3, 5843
What are the prime factors of 9492759?
3, 61, 17291
What are the prime factors of 953284?
2, 238321
List the prime factors of 598666.
2, 299333
What are the prime factors of 1068441?
3, 11, 32377
What are the prime factors of 29458619?
53, 555823
What are the prime factors of 868761?
3, 83, 1163
List the prime factors of 105035.
5, 7, 3001
What are the prime factors of 15672165?
3, 5, 1044811
What are the prime factors of 27746383?
7, 1217, 3257
What are the prime factors of 7402897?
67, 110491
What are the prime factors of 39427?
89, 443
List the prime factors of 27588767.
557, 49531
What are the prime factors of 45314?
2, 139, 163
What are the prime factors of 2215109?
13, 170393
What are the prime factors of 6110610?
2, 3, 5, 11, 18517
List the prime factors of 7914366.
2, 3, 439687
List the prime factors of 33647.
33647
List the prime factors of 337416.
2, 3, 17, 827
What are the prime factors of 7449334?
2, 3724667
What are the prime factors of 279416?
2, 53, 659
What are the prime factors of 3801156?
2, 3, 173, 1831
What are the prime factors of 11296511?
179, 223, 283
List the prime factors of 1754586.
2, 3, 107, 911
What are the prime factors of 907706?
2, 19, 23887
List the prime factors of 24565060.
2, 5, 13, 107, 883
What are the prime factors of 4854878?
2, 7, 577, 601
List the prime factors of 856652.
2, 214163
List the prime factors of 909106.
2, 11, 31, 43
What are the prime factors of 2841841?
733, 3877
What are the prime factors of 181201?
181201
What are the prime factors of 639273?
3, 213091
What are the prime factors of 9589338?
2, 3, 11, 19, 2549
List the prime factors of 529323.
3, 73, 2417
List the prime factors of 232084.
2, 17, 3413
What are the prime factors of 386750?
2, 5, 7, 13, 17
List the prime factors of 193610.
2, 5, 19, 1019
What are the prime factors of 1209894?
2, 3, 7, 28807
List the prime factors of 16824151.
16824151
What are the prime factors of 2035082?
2, 7, 61, 2383
What are the prime factors of 5235342?
2, 3, 7, 31, 4021
List the prime factors of 834660.
2, 3, 5, 4637
What are the prime factors of 158973?
3, 19, 2789
List the prime factors of 262539.
3, 31, 941
List the prime factors of 26896370.
2, 5, 2689637
What are the prime factors of 721662?
2, 3, 120277
What are the prime factors of 24741203?
359, 68917
List the prime factors of 8385456.
2, 3, 97, 1801
List the prime factors of 12107660.
2, 5, 23, 26321
What are the prime factors of 4277621?
4277621
What are the prime factors of 271091?
173, 1567
